{"id":71,"date":"2021-05-19T13:09:01","date_gmt":"2021-05-19T11:09:01","guid":{"rendered":"https:\/\/lyse-aktiv.respond.no\/?page_id=71"},"modified":"2022-09-06T09:32:19","modified_gmt":"2022-09-06T07:32:19","slug":"vilkar-betingelser","status":"publish","type":"page","link":"https:\/\/lyse-aktiv.respond.no\/?page_id=71","title":{"rendered":"Vilk\u00e5r &#038; betingelser"},"content":{"rendered":"\n<h2 class=\"wp-block-heading\">Bytting \/ retur<\/h2>\n\n\n\n<p>Alle plagg trykkes p\u00e5 bestilling og kan derfor i utgangspunktet ikke byttes eller returneres. Vi anbefaler \u00e5 pr\u00f8ve \u00e5 bytte\/selge internt. <\/p>\n\n\n\n<h2 class=\"wp-block-heading\">Priser<\/h2>\n\n\n\n<p>Alle priser er oppgitt i norske kroner inklusive merverdiavgift (mva\/&raquo;moms&raquo;) hvis ikke annet er bemerket.<\/p>\n\n\n\n<h2 class=\"wp-block-heading\">Produktinformasjon<\/h2>\n\n\n\n<p>Varene du finner i butikken er ikke alltid lagerf\u00f8rt, men bestilles i st\u00f8rrelser tilpasset ditt behov. Bestillinger samles opp en gang i m\u00e5neden, den 15. i hver m\u00e5ned og leveres til oppgitt adresse i bestillingen. <\/p>\n\n\n\n<p>Gosh Respond AS&nbsp;vil til enhver tid videreformidle informasjon om produkter gitt fra v\u00e5re leverand\u00f8rer. Dersom et produkt ikke stemmer overens med de spesifikasjoner som er gitt fra&nbsp;Gosh Respond AS eller andre kilder, gir det i seg selv ikke rett til noe krav ovenfor&nbsp;Gosh Respond AS fra kj\u00f8perens side. Det gir heller ikke rett til retur av varen, s\u00e5fremt ikke spesifikasjonene p\u00e5 produktet som er levert i vesentlig grad avviker fra de som er oppgitt.<\/p>\n\n\n\n<h2 class=\"wp-block-heading\">Mangler i leveranse<\/h2>\n\n\n\n<p>Eventuelle mangler ved en leveranse m\u00e5 rapporteres til&nbsp;Gosh Respond AS i rimelig tid etter at feilen burde v\u00e6rt oppdaget.<\/p>\n\n\n\n<h2 class=\"wp-block-heading\">Mangler\/feil ved produkter&nbsp;<\/h2>\n\n\n\n<p>Oppdages det eventuelle mangler eller mulige feil ved et produkt, skal kj\u00f8peren innen rimelig tid etter at mangelen burde v\u00e6rt oppdaget, rapportere mangelen til Gosh Respond AS hvis eget fors\u00f8k p\u00e5 \u00e5 finne l\u00f8sning p\u00e5 problemet ikke vinner frem. Dersom&nbsp;Gosh Respond AS gir spesielle instruksjoner p\u00e5 hvordan mangelen\/reklamasjonen skal behandles for \u00e5 finne en l\u00f8sning p\u00e5 problemet, m\u00e5 disse instruksjonene f\u00f8lges.<\/p>\n\n\n\n<h2 class=\"wp-block-heading\">Leveringstid<\/h2>\n\n\n\n<p>Samlebestillinger per m\u00e5ned leveres normalt i slutten av hver m\u00e5ned.<\/p>\n\n\n\n<p>Frakttid vil variere noe innenlands.&nbsp;<\/p>\n\n\n\n<p>Vi tar forbehold&nbsp;om eventuelle forsinkelser fra fraktselskap.<\/p>\n\n\n\n<h2 class=\"wp-block-heading\">Befraktning<\/h2>\n\n\n\n<p>Fraktomkostning kr. 160,- inkl mva pr. forsendelse. <br>Bel\u00f8pet inkluderer handling, pakking og frakt <\/p>\n\n\n\n<h2 class=\"wp-block-heading\">Uavhentede leveranser<\/h2>\n\n\n\n<p>Ved uavhentede leveranser\/pakker vil kj\u00f8peren ilegges sum av f\u00f8lgende: 250 kroner i gebyr for uavhentet vare, dette er n\u00f8dvendig for \u00e5 dekke v\u00e5re kostnader i forbindelse med returfrakt.<\/p>\n\n\n\n<h2 class=\"wp-block-heading\">Reklamasjonsrett<\/h2>\n\n\n\n<p>Reklamasjonsrett etter kj\u00f8pslovens bestemmelser. Kontakt Lena per mail eller telefon.<\/p>\n\n\n\n<h2 class=\"wp-block-heading\">Garanti<\/h2>\n\n\n\n<p>Garanti p\u00e5 alle produktene f\u00f8lger produsentens garanti. Denne er normalt minst 1 \u00e5r. Produsenten garanterer for produktets funksjonsdyktighet i garantitiden. Garantien dekker normalt ikke feil som skyldes uforsvarlig eller utilsiktet bruk, ytre skader eller mangelfullt vedlikehold. Garantien innbefatter normalt ikke deler til produkter hvis normale levetid er kortere enn den oppgitte garantitiden. Garantien dekker kun selve produktet, ikke eventuelle tilleggsprodukter eller informasjon som kj\u00f8peren har tilf\u00f8rt produktet. Ved garantireklamasjon m\u00e5 det p\u00e5st\u00e5tt defekte produktet returneres til&nbsp;Gosh-medlemmet med komplette manualer og original emballasje, hvis ikke annet er avtalt.<\/p>\n","protected":false},"excerpt":{"rendered":"<p>Bytting \/ retur Alle plagg trykkes p\u00e5 bestilling og kan derfor i utgangspunktet ikke byttes eller returneres. Vi anbefaler \u00e5 pr\u00f8ve \u00e5 bytte\/selge internt. Priser Alle priser er oppgitt i norske kroner inklusive merverdiavgift (mva\/&raquo;moms&raquo;) hvis ikke annet er bemerket. Produktinformasjon Varene du finner i butikken er ikke alltid lagerf\u00f8rt, men bestilles i st\u00f8rrelser tilpasset [&hellip;]<\/p>\n","protected":false},"author":1,"featured_media":0,"parent":0,"menu_order":0,"comment_status":"closed","ping_status":"closed","template":"","meta":{"footnotes":""},"class_list":["post-71","page","type-page","status-publish","hentry"],"_links":{"self":[{"href":"https:\/\/lyse-aktiv.respond.no\/index.php?rest_route=\/wp\/v2\/pages\/71","targetHints":{"allow":["GET"]}}],"collection":[{"href":"https:\/\/lyse-aktiv.respond.no\/index.php?rest_route=\/wp\/v2\/pages"}],"about":[{"href":"https:\/\/lyse-aktiv.respond.no\/index.php?rest_route=\/wp\/v2\/types\/page"}],"author":[{"embeddable":true,"href":"https:\/\/lyse-aktiv.respond.no\/index.php?rest_route=\/wp\/v2\/users\/1"}],"replies":[{"embeddable":true,"href":"https:\/\/lyse-aktiv.respond.no\/index.php?rest_route=%2Fwp%2Fv2%2Fcomments&post=71"}],"version-history":[{"count":8,"href":"https:\/\/lyse-aktiv.respond.no\/index.php?rest_route=\/wp\/v2\/pages\/71\/revisions"}],"predecessor-version":[{"id":1528,"href":"https:\/\/lyse-aktiv.respond.no\/index.php?rest_route=\/wp\/v2\/pages\/71\/revisions\/1528"}],"wp:attachment":[{"href":"https:\/\/lyse-aktiv.respond.no\/index.php?rest_route=%2Fwp%2Fv2%2Fmedia&parent=71"}],"curies":[{"name":"wp","href":"https:\/\/api.w.org\/{rel}","templated":true}]}}